 - 1 = 3*p + 2*x. Let w = -3 + p. Let c be (2/w)/(2/(-16)). What is the highest common divisor of 32 and c?
4
Let l be (5 - (-514)/(-6))/((-2)/3). Calculate the greatest common factor of 11 and l.
11
Let t = 26 + 49. Let m = 3 - 1. Suppose 2*p = -m*p + 16, 4*h + 3*p - 72 = 0. Calculate the highest common divisor of t and h.
15
Let u = -14 + 22. Suppose u = -2*n, -n - 11 = -3*i - 5*n. Suppose -4*v = 2*r + 6, 0 = r + v + 1. Calculate the highest common factor of i and r.
1
Suppose 2*m = -0*m + 5*s + 17, -4*s + 12 = 0. Suppose k + 25 = 3*y, -5*k + 9 = 2*y - 2. What is the greatest common divisor of m and y?
8
Suppose 2 = 2*y - 30. What is the greatest common factor of y and 4?
4
Let y = -7 + 18. Suppose -7 = -4*r - 5*l - 0, 5*r = -4*l + y. Suppose 0 = -c + r*c - 44. What is the highest common divisor of c and 242?
22
Let j = -4 + -106. Let s = 160 + j. What is the highest common divisor of s and 10?
10
Suppose f - 4 = -0, 0 = 2*m - 3*f - 8. Let o(a) = 4*a**2 - a + 2. Let t be o(-4). Let q = t + 20. Calculate the greatest common factor of m and q.
10
Let r(m) = 104*m - 65. Let p be r(4). Calculate the greatest common divisor of 39 and p.
39
Let n = -253 + 380. Let l = n - 39. What is the highest common divisor of 11 and l?
11
Let d(y) = -y**2 - 18*y - 5. Let f be d(-15). Let o be f/6*24/5. What is the highest common divisor of o and 4?
4
Let d = 27 + -15. Let v be (-8)/d - 58/(-6). Let z = -86 + 131. What is the greatest common divisor of v and z?
9
Let w = -86 - -59. Let q = -14 - w. What is the highest common factor of q and 91?
13
Suppose -7*f = -6*f. Suppose 6*k - 4*k - 36 = f. Calculate the highest common factor of 54 and k.
18
Let j(a) = -a - 9. Let f be j(-17). Calculate the highest common factor of f and 20.
4
Suppose 0 = -2*m - m - 6. Let w(u) = -4*u + 1. Let n be w(m). Suppose 5*g - 11 = n. Calculate the greatest common divisor of g and 40.
4
Suppose 4*b - 2*t - 90 = 0, -3*b = -4*b - 5*t - 5. Let c be (36/b)/(6/20). Calculate the greatest common divisor of 6 and c.
6
Suppose c = 29 - 1. Calculate the highest common factor of 7 and c.
7
Let f(o) = -o**2 + 8*o + 7. Let p be f(9). Let a be (p/6)/((-2)/18). Suppose 4*s = 3*s + 1. What is the highest common divisor of a and s?
1
Let d = 205 + -130. What is the greatest common divisor of d and 25?
25
Let i be 7042/46 - (-22)/(-253). Calculate the greatest common factor of i and 17.
17
Let x(m) = m**2 + 1. Let i be x(2). Let p = i + 6. Calculate the highest common divisor of 88 and p.
11
Suppose 0 = 4*f + 20, 0 = p - 2*p - 2*f + 20. What is the highest common divisor of 45 and p?
15
Suppose 700 = -15*i + 2380. What is the highest common divisor of i and 7?
7
Let z be ((-12)/10)/((-16)/80). What is the greatest common factor of z and 24?
6
Suppose -2*h = m - 177, -2*h + m + 162 = 5*m. Suppose -3*v = 17 + 4. Let j be (-17)/(-1) + 3 + v. What is the greatest common factor of h and j?
13
Let h = -12 - -13. Let j be -1 - -14*h - -3. What is the greatest common divisor of j and 32?
16
Let d = -14 + 1. Let g = d - -7. Let z = 3 - g. What is the greatest common divisor of 3 and z?
3
Let y(b) = -2*b**2 + 20*b + 9. Let i be y(10). Calculate the highest common divisor of i and 3.
3
Let q be 5 + -8 - (2 + -65). Suppose -5*p + 30 = -q. Calculate the highest common factor of 54 and p.
18
Let c be 0 - (-4 + (-251 - -2)). Let v = 59 + -36. Calculate the highest common divisor of c and v.
23
Let p(l) = -l**3 + l**2 - 2*l + 216. Let x be p(0). What is the highest common factor of 24 and x?
24
Suppose 0 = -3*x - 4*d + 93, -3*d + 19 + 74 = 3*x. Suppose -g + 4*a + x = 5, -3*g + 18 = 3*a. Let z = -4 + 8. Calculate the highest common divisor of z and g.
2
Let p be 179/3 + (-5)/(-15). Suppose 0 = 2*m + p - 188. Let x be 1/3 - m/(-6). Calculate the greatest common factor of 22 and x.
11
Let q be -1*(-1)/(-3)*-21. Suppose 89 + q = 4*o. What is the greatest common factor of 6 and o?
6
Let k be (0 + -28)*(-2)/4. Let g = -73 + 15. Let x = g - -100. What is the highest common divisor of x and k?
14
Let w(c) = 0*c + 10 + 0*c - c. Let q be w(0). Suppose 2*r - 1 = x + 45, -r + 33 = 2*x. What is the greatest common factor of q and r?
5
Suppose 0 = -2*o + 2 + 8. Suppose -5*x = o*b - 3*x - 558, 4*b - 443 = -5*x. What is the highest common factor of b and 16?
16
Suppose 0 = 5*a + 7 + 3, -4*m = 4*a - 84. What is the greatest common factor of 23 and m?
23
Let g(o) = o**2 + 3*o - 5. Let s be g(-6). Calculate the highest common divisor of 143 and s.
13
Let w(f) = f**3 - 4*f**2 + f. Let l be w(5). Suppose -y - y = l. Let z = y + 26. Calculate the highest common divisor of z and 77.
11
Suppose 8 = -h + 4*p + 34, 0 = -5*p - 20. Let g = 19 - h. Calculate the greatest common divisor of g and 45.
9
Suppose p - 6 = 2. Let j(k) = -2*k + 17. Let d(q) = -2*q + 16. Let h(b) = -5*d(b) + 4*j(b). Let s be h(10). Calculate the greatest common factor of p and s.
8
Let c(z) = -z**3 + 7*z**2 - z + 3. Let b be c(-3). Let i = 11 - -1. What is the greatest common divisor of i and b?
12
Suppose -2*q = -5*a - 5*q + 52, -2*a + 3*q = -4. Let c(f) = 16*f - 11. Let w be c(a). Suppose t = 10 + 3. What is the highest common divisor of t and w?
13
Let h(s) = -s**3 + 3*s. Let q be 3/1 - (1 + -1). Suppose q*p - n = 4*p + 8, 11 = -2*p - n. Let d be h(p). What is the greatest common divisor of d and 72?
18
Suppose -2*j + 160 = 2*c, 370 = 7*c - 2*c - 5*j. Let k = 25 + -14. What is the greatest common divisor of c and k?
11
Let s(r) = 2*r**3 - 2*r**2 - 2*r - 3. Let x be s(3). Calculate the highest common divisor of 135 and x.
27
Let v(y) = 2*y + 2. Let u(c) = -10*c**3 - c**2 + 1. Let f be u(-1). Let t be v(f). What is the highest common factor of 110 and t?
22
Suppose 4*h + 1 + 3 = -4*m, h = -2*m - 1. Suppose 5*t - 15 = n - m*n, 5*n - 25 = 5*t. Calculate the highest common factor of 110 and n.
10
Suppose -5*y - 17 = 3. Let m be -4*6/(y + 3). What is the greatest common factor of m and 36?
12
Suppose -2*g = 5*m + 124, 0 = -5*m + m - 3*g - 102. Let c = 63 + m. What is the highest common divisor of 26 and c?
13
Let r(a) = -211*a. Let o be r(-1). Suppose -5*v = 51 - o. What is the highest common factor of v and 80?
16
Let h(t) = 3*t**2 + 7*t. Let l be h(-9). Calculate the highest common factor of l and 20.
20
Let o = 19 + -15. What is the greatest common divisor of o and 68?
4
Suppose 0*x = -4*x + 20. Let j = -51 - -76. Calculate the highest common factor of j and x.
5
Let w be 2/(-3) + 14/3. Let b be (-34)/(-8) + (-1)/4. Suppose -4*j = b*p - 12, -w*j = -j + 9. What is the greatest common factor of p and 24?
6
Let m be (-34)/(-2) + (-2 - -2). Suppose -o + m + 3 = 0. Let f = o - 3. Calculate the highest common divisor of 51 and f.
17
Suppose 3*p - 1520 = -7*p. What is the greatest common factor of p and 19?
19
Let y = 7 - -6. Suppose -156 = 4*n - 6*n. Suppose -2*a = -4*a + n. What is the highest common divisor of a and y?
13
Let a(s) = 4*s + 76. Let d be a(3). Suppose -5*g = 12 - 67. What is the highest common divisor of d and g?
11
Let d be 2/(-2)*(-1 + 0). Suppose n + 5*t + 9 = 0, -4*n + 4*t - 5 = -17. Let a be (n - 3)/(3/(-6)). Calculate the greatest common divisor of a and d.
1
Let k be -1 - (-16)/(-2)*-2. Calculate the highest common factor of k and 6.
3
Suppose 4*w - 45 = w. Suppose 0 = 2*j + i - w, 10 = j + 2*j + 4*i. What is the highest common divisor of j and 80?
10
Let t be 8/(24/(-3))*(-180 - 0). Let b(c) = 2*c + 8. Let k be b(6). Calculate the highest common divisor of t and k.
20
Let u(h) = h - 9. Let a be u(0). Let r be 3*(-4)/6 - -5. Let j = r - a. Calculate the greatest common divisor of j and 48.
12
Let s(d) = -d**3 + 5*d**2 + 8*d - 8. Let x be s(6). Calculate the greatest common factor of x and 4.
4
Let a = -9 - -57. What is the highest common divisor of a and 120?
24
Suppose f + 71 - 251 = 0. Calculate the greatest common factor of 20 and f.
20
Let r be (18 + 9)/((-3)/(-6)). Calculate the greatest common factor of 135 and r.
27
Let c be (20/12 - 4)*-6. What is the greatest common factor of 28 and c?
14
Suppose 0 = 5*c, m - 4*m = -2*c. Suppose 0*z + 2*z - 4 = m, -2*i = -2*z - 28. What is the highest common divisor of i and 24?
8
Suppose 11 = 14*z - 3. What is the highest common factor of z and 11?
1
Suppose -3*n - 8 = -7*n. Suppose 1618 + 274 = -n*o. L